t d(l) = 31*l**2 - 3*l - 2. Let y be d(-1). Calculate the greatest common divisor of y and 24.
8
Let m = 22 + 3. Suppose -5*x - 20 = -5. Let h be -4 - ((x - 12) + 1). Calculate the highest common divisor of h and m.
5
Suppose -3*x = -g + 5, 0*g - g - 2*x = 0. Suppose -g*k + 6 = 0, -3*k + 32 = 2*h - 33. What is the highest common factor of h and 7?
7
Let l be 83 - ((-60)/10 + -1). What is the highest common divisor of l and 10?
10
Let y(s) = s + 19. Let c be y(-10). Let d = 18 + c. Suppose v + 2*v - d = 0. What is the highest common divisor of 81 and v?
9
Suppose 0 = -6*n + n + 5, -2*y = -4*n - 54. Suppose 0*m - y = -4*b + 5*m, 26 = b - 5*m. Calculate the greatest common factor of 13 and b.
1
Let l be 25/15 - (-2)/6. Suppose 0 = -2*t - 2*r + 518, -l*r - r = 4*t - 1041. Calculate the greatest common divisor of t and 24.
24
Let q(d) = d**3 + 2*d + 8. Let w be q(0). What is the greatest common factor of w and 424?
8
Let d(t) = -4*t + 14. Let r be d(4). Let j be r/(-9) - (-7657)/171. Let q(n) = n**2 + 3*n + 2. Let y be q(4). Calculate the highest common factor of y and j.
15
Let u be 216 + -4 + 3 + 1. Let v = -24 - -51. What is the greatest common divisor of v and u?
27
Let g(t) = 4*t**2 - 3*t - 2. Let v(m) = -3*m + 25. Let a be v(9). Let z be g(a). What is the highest common factor of 30 and z?
10
Let g = -80 - -136. Let s be 2/(-8)*2*2 + 74. Suppose 5*m - 3*j = s, 2*j + 2 = -m + 14. Calculate the greatest common factor of m and g.
14
Let k = 95 - 89. Suppose 2*u - 5 = m - k, -4*u - 4*m = -28. Let g = -8 - -30. Calculate the highest common divisor of u and g.
2
Suppose 2*f - 588 = -2*f. Let p = f - 262. Let i = p + 181. Calculate the highest common factor of 6 and i.
6
Let c be ((-7)/7)/((-1)/4). Let u be (c/(-4))/(-1) - -7. What is the highest common divisor of u and 20?
4
Let t = -100 + 124. Calculate the highest common divisor of 64 and t.
8
Suppose -5*x + 17 + 3 = 0, -4*b + 2*x = -1312. Let u(c) = -c**2 + 18*c - 14. Let s be u(10). What is the highest common divisor of b and s?
66
Suppose 5*c + 133 - 183 = 0. What is the greatest common divisor of c and 14?
2
Let r(o) = o**3 + 7*o**2 + 11*o - 3. Let x = -194 - -190. Let z be r(x). Let b be (-1)/(-3)*2*3. Calculate the greatest common divisor of b and z.
1
Let p be 26*-3*6/(-4). Let u = -2511 + 2524. Calculate the greatest common factor of u and p.
13
Let n(x) = x**2 + 5*x - 12. Let y be n(-6). Let d(l) = l + 7. Let o be d(y). Calculate the highest common factor of 4 and o.
1
Let q be 48*(2 + 1 - 4). Let h = q - -58. What is the greatest common divisor of h and 80?
10
Let x(t) = t**2 + t - 15. Let a be x(-5). Suppose -a*l - 58 = -w - 2*l, 5*w - 4*l - 279 = 0. What is the highest common divisor of 22 and w?
11
Let q be (24/(-10) - -2)*-15. Let y = -85 - -81. Let j be (2*(y + 2))/(0 - 1). What is the highest common factor of j and q?
2
Suppose -a = 5 - 36. Suppose -d - 10 = -r + 116, -2*r = 3*d - 242. What is the highest common divisor of r and a?
31
Let o be (-857)/(-2) - 5/10. Suppose -5*t + 583 = c + 36, -4*t + o = -4*c. Suppose -2*m - t = -f - m, m + 4 = 0. What is the highest common divisor of 15 and f?
15
Let p = -19 + 94. Suppose 2*w = 2*t - 68, -4*t + 2*w = -p - 57. What is the highest common factor of t and 16?
16
Suppose 0 = -3*r + 1243 - 343. What is the highest common divisor of 84 and r?
12
Suppose 0 = 3*u - 77 + 62. Let x be 165/50*u - (-3)/(-2). Calculate the greatest common divisor of 15 and x.
15
Let v be (125 + -118)*-24*(-38)/28. Calculate the greatest common divisor of v and 171.
57
Let g = 0 + 2. Suppose 0 = -5*p - 15, g*y - 2*p = y + 186. What is the greatest common factor of y and 20?
20
Let q(w) = 3*w**2 - 52*w + 320. Let r be q(8). Calculate the highest common factor of r and 192.
96
Let w(v) = -10*v**3 - 122*v**2 - 26*v - 14. Let n be w(-12). Calculate the highest common factor of 22 and n.
2
Suppose -33*u + 647 = -3643. What is the highest common factor of 65 and u?
65
Let z(s) = -s**3 - s**2 + 3*s + 12. Let m be z(0). Suppose 5*j = -0*d + 3*d - 20, -2*d = -4*j - m. What is the greatest common factor of d and 20?
10
Let h(q) = 6*q - 2. Let z be h(-1). Let i = 11 + z. Suppose -i*n - 72 = -5*n. Calculate the highest common divisor of n and 4.
4
Suppose 0 = q + 2 - 4. Suppose q*r - 179 - 219 = 0. Suppose -2*c + 256 = 4*m, -2*m + 5*m = -5*c + r. Calculate the highest common divisor of 7 and m.
7
Let z = -2 + 17. Let v(h) = h - 3. Let o be v(6). Let m(n) = 17*n**2 + 5*n - 3. Let g be m(o). Calculate the highest common divisor of g and z.
15
Let n(z) = -2*z**2 + 6*z - 5. Let i be n(5). Let a be 2 - (-3)/(-1) - i. Let r = 40 - a. What is the highest common factor of 8 and r?
8
Let u = -4 - 24. Let g = 47 + u. Suppose -5*i = 2*v - 63, 2*v - 30 = -2*i + 18. Calculate the highest common factor of v and g.
19
Suppose 4*c - 4544 = -3*p, 0 = -c + 3*p + 221 + 930. Calculate the highest common divisor of 67 and c.
67
Let n = -1035 + 1126. Calculate the greatest common divisor of 28 and n.
7
Let w = 11 + -25. Let n be ((-21)/w)/((-1)/(-2)). Let y be ((-6)/(-9))/(4/162). What is the greatest common factor of n and y?
3
Let p = 28 + 8. Let h = -21 - -28. Suppose 0 = h*c - 28 - 98. Calculate the greatest common divisor of c and p.
18
Let k be (-33)/(1/(1 - 4)). Suppose 0 = 4*f - 181 - k. What is the highest common factor of f and 28?
14
Let n(f) = f**2 + 8*f + 31. Let r be n(-7). Suppose -3*a = 3*l + 2*a, 0 = -2*a - 6. Let g be 382/4 - l/(-10). What is the highest common factor of g and r?
24
Let f = 1895 + -428. Calculate the highest common factor of f and 9.
9
Suppose -16*f - 745 = -2809. Calculate the highest common divisor of 3 and f.
3
Suppose -4*h + 3*c = -2 - 73, -3*h - c + 40 = 0. Let o(j) = j**2 - 14*j - 41. Let s be o(-3). What is the highest common divisor of s and h?
5
Let g(u) = u**3 + u**2 + u + 12. Suppose f + 0 + 3 = 0. Let k = f - -3. Let i be g(k). What is the highest common factor of 36 and i?
12
Let z = 239 + 124. Let g = 24 + -22. Suppose -g*b + 71 - 5 = 0. Calculate the highest common divisor of z and b.
33
Let r(h) = -h**3 + 5*h**2 + h + 4. Let n be r(5). Suppose n*s = 4*s - 3*a + 450, -4*a = 3*s - 270. What is the greatest common divisor of s and 10?
10
Suppose 3*v + 30 = -2*v. Let g(d) be the first derivative of -5*d**2/2 - 8*d - 12. Let j be g(v). Calculate the greatest common factor of j and 66.
22
Let l = -9 + 10. Let j be (-4)/((-4)/79) - l. Let f = -54 + j. What is the greatest common divisor of f and 16?
8
Let m be (3/9)/((-21)/162)*-14. Let b(p) = -19*p - 3. Let u be b(-3). Let s = u - m. Calculate the highest common factor of s and 9.
9
Suppose -2*t - 3*t = -1715. What is the highest common factor of 14 and t?
7
Suppose -2*a - a = -624. Suppose -832*o - 42 = -2*h - 830*o, -o = h - 31. What is the greatest common factor of a and h?
26
Let j(s) = 15*s + 29. Let g be j(5). Calculate the highest common divisor of g and 39.
13
Let s(d) = -d + 102. Let u be s(86). Let f(x) = 3*x**3 - x. Let k be f(1). What is the highest common divisor of u and k?
2
Suppose 0*g - 5*g = -15. Let p(b) = 9*b**g - 6 - 10*b**3 - 6 + 7*b + 8*b**2. Let l be p(8). Calculate the greatest common divisor of 22 and l.
22
Let d(i) = -7*i**2 - 42*i + 105. Let h(f) = 3*f**2 + 20*f - 53. Let x(s) = -4*d(s) - 9*h(s). Let q be x(6). Calculate the highest common divisor of q and 168.
21
Let q(g) be the second derivative of g**3/6 + g**2 + 22*g. Let d be q(19). What is the greatest common divisor of 49 and d?
7
Let o be 910/((-42)/(-6)) - 0. Calculate the greatest common factor of 13 and o.
13
Suppose 0*q + 25 = -5*q. Let b = -62 - -101. Let l be b + -5 - (3 + q). Calculate the highest common factor of l and 396.
36
Let d = 796 + -784. Let h be 1 + 1 + (-10)/(-5). Suppose g + h*g - 240 = 0. What is the greatest common divisor of d and g?
12
Let i = -19 + 2. Let f be (-3)/(7/56*(-12)/(-10)). Let q = i - f. What is the highest common factor of 24 and q?
3
Let w be (-16*1)/(-9 + 13 + -5). Calculate the highest common factor of w and 64.
16
Suppose -53*m = -50*m - 33. Calculate the highest common divisor of m and 44.
11
Let y be ((-189)/(-42))/((-2)/4). Let i be 85*(-3)/(y/3). Calculate the highest common factor of i and 34.
17
Let n = -73 - -98. Suppose 4*q = n + 63. Suppose 0 = -2*o - o + 33. Wh